{"id":2051,"date":"2019-05-23T16:39:08","date_gmt":"2019-05-23T13:39:08","guid":{"rendered":"http:\/\/eemkon.org.tr\/?page_id=2051"},"modified":"2022-02-07T00:05:07","modified_gmt":"2022-02-06T21:05:07","slug":"1uluslararasi-konusmacilar","status":"publish","type":"page","link":"https:\/\/eemkon.org.tr\/eemkon2017\/1uluslararasi-konusmacilar\/","title":{"rendered":"Uluslararas\u0131 Konu\u015fmac\u0131lar"},"content":{"rendered":"\t\t<div data-elementor-type=\"wp-page\" data-elementor-id=\"2051\" class=\"elementor elementor-2051\" data-elementor-settings=\"[]\">\n\t\t\t\t\t\t<div class=\"elementor-inner\">\n\t\t\t\t\t\t\t<div class=\"elementor-section-wrap\">\n\t\t\t\t\t\t\t<section class=\"elementor-section elementor-top-section elementor-element elementor-element-e0415ea elementor-section-boxed elementor-section-height-default elementor-section-height-default\" data-id=\"e0415ea\" data-element_type=\"section\">\n\t\t\t\t\t\t<div class=\"elementor-container elementor-column-gap-default\">\n\t\t\t\t\t\t\t<div class=\"elementor-row\">\n\t\t\t\t\t<div class=\"elementor-column elementor-col-25 elementor-top-column elementor-element elementor-element-462acd3\" data-id=\"462acd3\" data-element_type=\"column\">\n\t\t\t<div class=\"elementor-column-wrap elementor-element-populated\">\n\t\t\t\t\t\t\t<div class=\"elementor-widget-wrap\">\n\t\t\t\t\t\t<div class=\"elementor-element elementor-element-ea8431f elementor-widget elementor-widget-image\" data-id=\"ea8431f\" data-element_type=\"widget\" data-widget_type=\"image.default\">\n\t\t\t\t<div class=\"elementor-widget-container\">\n\t\t\t\t\t\t\t\t<div class=\"elementor-image\">\n\t\t\t\t\t\t\t\t\t\t\t\t<img loading=\"lazy\" width=\"1024\" height=\"536\" src=\"https:\/\/eemkon.org.tr\/eemkon2017\/wp-content\/uploads\/2022\/01\/EEMKON-2017-Facebook-Reklam-Gorseli_Fabio-1024x536.jpg\" class=\"attachment-large size-large\" alt=\"\" srcset=\"https:\/\/eemkon.org.tr\/eemkon2017\/wp-content\/uploads\/2022\/01\/EEMKON-2017-Facebook-Reklam-Gorseli_Fabio-1024x536.jpg 1024w, https:\/\/eemkon.org.tr\/eemkon2017\/wp-content\/uploads\/2022\/01\/EEMKON-2017-Facebook-Reklam-Gorseli_Fabio-300x157.jpg 300w, https:\/\/eemkon.org.tr\/eemkon2017\/wp-content\/uploads\/2022\/01\/EEMKON-2017-Facebook-Reklam-Gorseli_Fabio-768x402.jpg 768w, https:\/\/eemkon.org.tr\/eemkon2017\/wp-content\/uploads\/2022\/01\/EEMKON-2017-Facebook-Reklam-Gorseli_Fabio-750x393.jpg 750w, https:\/\/eemkon.org.tr\/eemkon2017\/wp-content\/uploads\/2022\/01\/EEMKON-2017-Facebook-Reklam-Gorseli_Fabio-1140x597.jpg 1140w, https:\/\/eemkon.org.tr\/eemkon2017\/wp-content\/uploads\/2022\/01\/EEMKON-2017-Facebook-Reklam-Gorseli_Fabio.jpg 1200w\" sizes=\"(max-width: 1024px) 100vw, 1024px\" \/>\t\t\t\t\t\t\t\t\t\t\t\t\t\t<\/div>\n\t\t\t\t\t\t<\/div>\n\t\t\t\t<\/div>\n\t\t\t\t\t\t<\/div>\n\t\t\t\t\t<\/div>\n\t\t<\/div>\n\t\t\t\t<div class=\"elementor-column elementor-col-25 elementor-top-column elementor-element elementor-element-7dc3a7b\" data-id=\"7dc3a7b\" data-element_type=\"column\">\n\t\t\t<div class=\"elementor-column-wrap elementor-element-populated\">\n\t\t\t\t\t\t\t<div class=\"elementor-widget-wrap\">\n\t\t\t\t\t\t<div class=\"elementor-element elementor-element-cd20c3e elementor-widget elementor-widget-image\" data-id=\"cd20c3e\" data-element_type=\"widget\" data-widget_type=\"image.default\">\n\t\t\t\t<div class=\"elementor-widget-container\">\n\t\t\t\t\t\t\t\t<div class=\"elementor-image\">\n\t\t\t\t\t\t\t\t\t\t\t\t<img loading=\"lazy\" width=\"1024\" height=\"536\" src=\"https:\/\/eemkon.org.tr\/eemkon2017\/wp-content\/uploads\/2022\/01\/EEMKON-2017-Facebook-Reklam-Gorseli_PedroValdes-1024x536.jpg\" class=\"attachment-large size-large\" alt=\"\" srcset=\"https:\/\/eemkon.org.tr\/eemkon2017\/wp-content\/uploads\/2022\/01\/EEMKON-2017-Facebook-Reklam-Gorseli_PedroValdes-1024x536.jpg 1024w, https:\/\/eemkon.org.tr\/eemkon2017\/wp-content\/uploads\/2022\/01\/EEMKON-2017-Facebook-Reklam-Gorseli_PedroValdes-300x157.jpg 300w, https:\/\/eemkon.org.tr\/eemkon2017\/wp-content\/uploads\/2022\/01\/EEMKON-2017-Facebook-Reklam-Gorseli_PedroValdes-768x402.jpg 768w, https:\/\/eemkon.org.tr\/eemkon2017\/wp-content\/uploads\/2022\/01\/EEMKON-2017-Facebook-Reklam-Gorseli_PedroValdes-750x393.jpg 750w, https:\/\/eemkon.org.tr\/eemkon2017\/wp-content\/uploads\/2022\/01\/EEMKON-2017-Facebook-Reklam-Gorseli_PedroValdes-1140x597.jpg 1140w, https:\/\/eemkon.org.tr\/eemkon2017\/wp-content\/uploads\/2022\/01\/EEMKON-2017-Facebook-Reklam-Gorseli_PedroValdes.jpg 1200w\" sizes=\"(max-width: 1024px) 100vw, 1024px\" \/>\t\t\t\t\t\t\t\t\t\t\t\t\t\t<\/div>\n\t\t\t\t\t\t<\/div>\n\t\t\t\t<\/div>\n\t\t\t\t\t\t<\/div>\n\t\t\t\t\t<\/div>\n\t\t<\/div>\n\t\t\t\t<div class=\"elementor-column elementor-col-25 elementor-top-column elementor-element elementor-element-f7fa119\" data-id=\"f7fa119\" data-element_type=\"column\">\n\t\t\t<div class=\"elementor-column-wrap elementor-element-populated\">\n\t\t\t\t\t\t\t<div class=\"elementor-widget-wrap\">\n\t\t\t\t\t\t<div class=\"elementor-element elementor-element-9edb67b elementor-widget elementor-widget-image\" data-id=\"9edb67b\" data-element_type=\"widget\" data-widget_type=\"image.default\">\n\t\t\t\t<div class=\"elementor-widget-container\">\n\t\t\t\t\t\t\t\t<div class=\"elementor-image\">\n\t\t\t\t\t\t\t\t\t\t\t\t<img loading=\"lazy\" width=\"1024\" height=\"536\" src=\"https:\/\/eemkon.org.tr\/eemkon2017\/wp-content\/uploads\/2022\/02\/Henrik-Lund.-1024x536.jpg\" class=\"attachment-large size-large\" alt=\"\" srcset=\"https:\/\/eemkon.org.tr\/eemkon2017\/wp-content\/uploads\/2022\/02\/Henrik-Lund.-1024x536.jpg 1024w, https:\/\/eemkon.org.tr\/eemkon2017\/wp-content\/uploads\/2022\/02\/Henrik-Lund.-300x157.jpg 300w, https:\/\/eemkon.org.tr\/eemkon2017\/wp-content\/uploads\/2022\/02\/Henrik-Lund.-768x402.jpg 768w, https:\/\/eemkon.org.tr\/eemkon2017\/wp-content\/uploads\/2022\/02\/Henrik-Lund.-750x393.jpg 750w, https:\/\/eemkon.org.tr\/eemkon2017\/wp-content\/uploads\/2022\/02\/Henrik-Lund.-1140x597.jpg 1140w, https:\/\/eemkon.org.tr\/eemkon2017\/wp-content\/uploads\/2022\/02\/Henrik-Lund..jpg 1200w\" sizes=\"(max-width: 1024px) 100vw, 1024px\" \/>\t\t\t\t\t\t\t\t\t\t\t\t\t\t<\/div>\n\t\t\t\t\t\t<\/div>\n\t\t\t\t<\/div>\n\t\t\t\t\t\t<\/div>\n\t\t\t\t\t<\/div>\n\t\t<\/div>\n\t\t\t\t<div class=\"elementor-column elementor-col-25 elementor-top-column elementor-element elementor-element-2635335\" data-id=\"2635335\" data-element_type=\"column\">\n\t\t\t<div class=\"elementor-column-wrap elementor-element-populated\">\n\t\t\t\t\t\t\t<div class=\"elementor-widget-wrap\">\n\t\t\t\t\t\t<div class=\"elementor-element elementor-element-8ca909c elementor-widget elementor-widget-image\" data-id=\"8ca909c\" data-element_type=\"widget\" data-widget_type=\"image.default\">\n\t\t\t\t<div class=\"elementor-widget-container\">\n\t\t\t\t\t\t\t\t<div class=\"elementor-image\">\n\t\t\t\t\t\t\t\t\t\t\t\t<img loading=\"lazy\" width=\"1024\" height=\"536\" src=\"https:\/\/eemkon.org.tr\/eemkon2017\/wp-content\/uploads\/2022\/02\/gustav-resch.-1024x536.jpg\" class=\"attachment-large size-large\" alt=\"\" srcset=\"https:\/\/eemkon.org.tr\/eemkon2017\/wp-content\/uploads\/2022\/02\/gustav-resch.-1024x536.jpg 1024w, https:\/\/eemkon.org.tr\/eemkon2017\/wp-content\/uploads\/2022\/02\/gustav-resch.-300x157.jpg 300w, https:\/\/eemkon.org.tr\/eemkon2017\/wp-content\/uploads\/2022\/02\/gustav-resch.-768x402.jpg 768w, https:\/\/eemkon.org.tr\/eemkon2017\/wp-content\/uploads\/2022\/02\/gustav-resch.-750x393.jpg 750w, https:\/\/eemkon.org.tr\/eemkon2017\/wp-content\/uploads\/2022\/02\/gustav-resch.-1140x597.jpg 1140w, https:\/\/eemkon.org.tr\/eemkon2017\/wp-content\/uploads\/2022\/02\/gustav-resch..jpg 1200w\" sizes=\"(max-width: 1024px) 100vw, 1024px\" \/>\t\t\t\t\t\t\t\t\t\t\t\t\t\t<\/div>\n\t\t\t\t\t\t<\/div>\n\t\t\t\t<\/div>\n\t\t\t\t\t\t<\/div>\n\t\t\t\t\t<\/div>\n\t\t<\/div>\n\t\t\t\t\t\t\t\t<\/div>\n\t\t\t\t\t<\/div>\n\t\t<\/section>\n\t\t\t\t\t\t<\/div>\n\t\t\t\t\t\t<\/div>\n\t\t\t\t\t<\/div>\n\t\t","protected":false},"excerpt":{"rendered":"","protected":false},"author":4,"featured_media":0,"parent":0,"menu_order":0,"comment_status":"closed","ping_status":"closed","template":"template-index.php","meta":[],"_links":{"self":[{"href":"https:\/\/eemkon.org.tr\/eemkon2017\/wp-json\/wp\/v2\/pages\/2051"}],"collection":[{"href":"https:\/\/eemkon.org.tr\/eemkon2017\/wp-json\/wp\/v2\/pages"}],"about":[{"href":"https:\/\/eemkon.org.tr\/eemkon2017\/wp-json\/wp\/v2\/types\/page"}],"author":[{"embeddable":true,"href":"https:\/\/eemkon.org.tr\/eemkon2017\/wp-json\/wp\/v2\/users\/4"}],"replies":[{"embeddable":true,"href":"https:\/\/eemkon.org.tr\/eemkon2017\/wp-json\/wp\/v2\/comments?post=2051"}],"version-history":[{"count":38,"href":"https:\/\/eemkon.org.tr\/eemkon2017\/wp-json\/wp\/v2\/pages\/2051\/revisions"}],"predecessor-version":[{"id":7828,"href":"https:\/\/eemkon.org.tr\/eemkon2017\/wp-json\/wp\/v2\/pages\/2051\/revisions\/7828"}],"wp:attachment":[{"href":"https:\/\/eemkon.org.tr\/eemkon2017\/wp-json\/wp\/v2\/media?parent=2051"}],"curies":[{"name":"wp","href":"https:\/\/api.w.org\/{rel}","templated":true}]}}