{"id":1605,"date":"2019-01-14T14:59:04","date_gmt":"2019-01-14T11:59:04","guid":{"rendered":"http:\/\/eemkon.org.tr\/?page_id=1605"},"modified":"2022-01-16T19:35:58","modified_gmt":"2022-01-16T16:35:58","slug":"1bilim-kurulu","status":"publish","type":"page","link":"https:\/\/eemkon.org.tr\/eemkon2017\/1bilim-kurulu\/","title":{"rendered":"Bilim Kurulu"},"content":{"rendered":"\t\t<div data-elementor-type=\"wp-page\" data-elementor-id=\"1605\" class=\"elementor elementor-1605\" data-elementor-settings=\"[]\">\n\t\t\t\t\t\t<div class=\"elementor-inner\">\n\t\t\t\t\t\t\t<div class=\"elementor-section-wrap\">\n\t\t\t\t\t\t\t<section class=\"elementor-section elementor-top-section elementor-element elementor-element-cfd71f3 elementor-section-boxed elementor-section-height-default elementor-section-height-default\" data-id=\"cfd71f3\" data-element_type=\"section\">\n\t\t\t\t\t\t<div class=\"elementor-container elementor-column-gap-default\">\n\t\t\t\t\t\t\t<div class=\"elementor-row\">\n\t\t\t\t\t<div class=\"elementor-column elementor-col-66 elementor-top-column elementor-element elementor-element-2f73442\" data-id=\"2f73442\" data-element_type=\"column\">\n\t\t\t<div class=\"elementor-column-wrap elementor-element-populated\">\n\t\t\t\t\t\t\t<div class=\"elementor-widget-wrap\">\n\t\t\t\t\t\t<div class=\"elementor-element elementor-element-11bfa8a elementor-widget elementor-widget-heading\" data-id=\"11bfa8a\" data-element_type=\"widget\" data-widget_type=\"heading.default\">\n\t\t\t\t<div class=\"elementor-widget-container\">\n\t\t\t<h2 class=\"elementor-heading-title elementor-size-default\">EEMKON 2019 B\u0130L\u0130M KURULU<\/h2>\t\t<\/div>\n\t\t\t\t<\/div>\n\t\t\t\t<div class=\"elementor-element elementor-element-a44ac44 elementor-widget elementor-widget-text-editor\" data-id=\"a44ac44\" data-element_type=\"widget\" data-widget_type=\"text-editor.default\">\n\t\t\t\t<div class=\"elementor-widget-container\">\n\t\t\t\t\t\t\t\t<div class=\"elementor-text-editor elementor-clearfix\">\n\t\t\t\t<table width=\"923\"><tbody><tr><td width=\"366\"><p>A. H\u00fclya Obdan<\/p><\/td><td width=\"551\"><p>Y\u0131ld\u0131z Teknik \u00dcniversitesi<\/p><\/td><\/tr><tr><td><p>Adnan Kaypmaz<\/p><\/td><td><p>Beykent \u00dcniversitesi<\/p><\/td><\/tr><tr><td><p>Ahmet Dervi\u015fo\u011flu<\/p><\/td><td><p>\u0130stanbul Teknik \u00dcniversitesi<\/p><\/td><\/tr><tr><td><p>Ata Ak\u0131n<\/p><\/td><td><p>Ac\u0131badem \u00dcniversitesi<\/p><\/td><\/tr><tr><td><p>Avni Morg\u00fcl<\/p><\/td><td><p>Bo\u011fazi\u00e7i \u00dcniversitesi<\/p><\/td><\/tr><tr><td><p>Ayd\u0131n Akan<\/p><\/td><td><p>\u0130zmir Katip \u00c7elebi \u00dcniversitesi<\/p><\/td><\/tr><tr><td><p>Belgin Emre T\u00fcrkay<\/p><\/td><td><p>\u0130stanbul Teknik \u00dcniversitesi<\/p><\/td><\/tr><tr><td><p>Bora Acarkan<\/p><\/td><td><p>Y\u0131ld\u0131z Teknik \u00dcniversitesi<\/p><\/td><\/tr><tr><td><p>Burak Polat<\/p><\/td><td><p>Geli\u015fim \u00dcniversitesi<\/p><\/td><\/tr><tr><td><p>Duran Leblebici<\/p><\/td><td><p>\u0130stanbul Teknik \u00dcniversitesi<\/p><\/td><\/tr><tr><td><p>Erdal Irmak<\/p><\/td><td><p>Gazi \u00dcniversitesi<\/p><\/td><\/tr><tr><td><p>Erdal Panay\u0131rc\u0131<\/p><\/td><td><p>Kadir Has \u00dcniversitesi<\/p><\/td><\/tr><tr><td><p>Esra Saat\u00e7i<\/p><\/td><td><p>\u0130stanbul K\u00fclt\u00fcr \u00dcniversitesi<\/p><\/td><\/tr><tr><td><p>Fatih Mehmet Nuro\u011flu<\/p><\/td><td><p>Karadeniz Teknik \u00dcniversitesi<\/p><\/td><\/tr><tr><td><p>Figen \u00d6zen<\/p><\/td><td><p>Hali\u00e7 \u00dcniversitesi<\/p><\/td><\/tr><tr><td><p>Fikret K\u00fc\u00e7\u00fckdeveci<\/p><\/td><td><p>Kardiosis<\/p><\/td><\/tr><tr><td><p>Galip Cansever<\/p><\/td><td><p>Y\u0131ld\u0131z Teknik \u00dcniversitesi<\/p><\/td><\/tr><tr><td><p>G\u00f6khan Erta\u015f<\/p><\/td><td><p>Yeditepe \u00dcniversitesi<\/p><\/td><\/tr><tr><td><p>G\u00fcven \u00d6nbilgin<\/p><\/td><td><p>19 May\u0131s \u00dcniversitesi<\/p><\/td><\/tr><tr><td><p>Hakan Kuntman<\/p><\/td><td><p>\u0130stanbul Teknik \u00dcniversitesi<\/p><\/td><\/tr><tr><td><p>Hamit Serbest<\/p><\/td><td><p>\u00c7ukurova \u00dcniversitesi<\/p><\/td><\/tr><tr><td><p>Hasan Din\u00e7er<\/p><\/td><td><p>Kocaeli \u00dcniversitesi<\/p><\/td><\/tr><tr><td><p>Hasan \u015eahin<\/p><\/td><td width=\"551\"><p>Ege \u00dcniversitesi<\/p><\/td><\/tr><tr><td><p>Herman Sedef<\/p><\/td><td><p>Y\u0131ld\u0131z Teknik \u00dcniversitesi<\/p><\/td><\/tr><tr><td><p>H\u00fcsn\u00fc Deniz Ba\u015fdemir<\/p><\/td><td><p>\u00c7ankaya \u00dcniversitesi<\/p><\/td><\/tr><tr><td><p>\u0130brahim \u015eenol<\/p><\/td><td width=\"551\"><p>Y\u0131ld\u0131z Teknik \u00dcniversitesi<\/p><\/td><\/tr><tr><td><p>\u0130pek \u015een<\/p><\/td><td><p>\u0130stanbul Bilgi \u00dcniversitesi<\/p><\/td><\/tr><tr><td><p>\u0130rfan \u015eenlik<\/p><\/td><td><p>EMO<\/p><\/td><\/tr><tr><td><p>Kamuran Kad\u0131pa\u015fao\u011flu<\/p><\/td><td><p>Y\u0131ld\u0131z Teknik \u00dcniversitesi<\/p><\/td><\/tr><tr><td><p>Kemal Leblebicio\u011flu<\/p><\/td><td><p>Ortado\u011fu Teknik \u00dcniversitesi<\/p><\/td><\/tr><tr><td><p>Leyla G\u00f6ren S\u00fcmer<\/p><\/td><td><p>\u0130stanbul Teknik \u00dcniversitesi<\/p><\/td><\/tr><tr><td><p>Mana Sezdi<\/p><\/td><td><p>\u0130stanbul \u00dcniversitesi<\/p><\/td><\/tr><tr><td><p>Mehmet Akif \u015eenol<\/p><\/td><td><p>\u0130stanbul Geli\u015fim \u00dcniversitesi<\/p><\/td><\/tr><tr><td><p>Mehmet Turan S\u00f6ylemez<\/p><\/td><td><p>\u0130stanbul Teknik \u00dcniversitesi<\/p><\/td><\/tr><tr><td><p>Metin Salamc\u0131<\/p><\/td><td><p>Gazi \u00dcniversitesi<\/p><\/td><\/tr><tr><td><p>Mithat \u0130demen<\/p><\/td><td><p>\u0130stanbul Teknik \u00dcniversitesi<\/p><\/td><\/tr><tr><td><p>Murat A\u015fkar<\/p><\/td><td><p>\u0130zmir Ekonomi \u00dcniversitesi<\/p><\/td><\/tr><tr><td><p>Murat Ey\u00fcbo\u011flu<\/p><\/td><td><p>Ortado\u011fu Teknik \u00dcniversitesi<\/p><\/td><\/tr><tr><td><p>Murat Okatan<\/p><\/td><td><p>Cumhuriyet \u00dcniversitesi<\/p><\/td><\/tr><tr><td><p>Mustafa Baysal<\/p><\/td><td><p>Y\u0131ld\u0131z Teknik \u00dcniversitesi<\/p><\/td><\/tr><tr><td><p>Mustafa Cem Kasapba\u015f\u0131<\/p><\/td><td><p>\u0130stanbul Ticaret \u00dcniversitesi<\/p><\/td><\/tr><tr><td><p>Muzaffer Ba\u015fak<\/p><\/td><td><p>\u0130stanbul Tabip Odas\u0131<\/p><\/td><\/tr><tr><td><p>N. \u00d6zlem \u00dcnverdi<\/p><\/td><td><p>Y\u0131ld\u0131z Teknik \u00dcniversitesi<\/p><\/td><\/tr><tr><td><p>Necmi Alt\u0131n<\/p><\/td><td><p>Gazi \u00dcniversitesi<\/p><\/td><\/tr><tr><td><p>Neslihan Serap \u015eeng\u00f6r<\/p><\/td><td><p>\u0130stanbul Teknik \u00dcniversitesi<\/p><\/td><\/tr><tr><td><p>Nizamettin Ayd\u0131n<\/p><\/td><td><p>Y\u0131ld\u0131z Teknik \u00dcniversitesi<\/p><\/td><\/tr><tr><td><p>Nur Bekiro\u011flu<\/p><\/td><td><p>Y\u0131ld\u0131z Teknik \u00dcniversitesi<\/p><\/td><\/tr><tr><td><p>Onur Ko\u00e7ak<\/p><\/td><td><p>Ba\u015fkent \u00dcniversitesi<\/p><\/td><\/tr><tr><td><p>Onur Osman<\/p><\/td><td><p>\u0130stanbul Arel \u00dcniversitesi<\/p><\/td><\/tr><tr><td><p>Oru\u00e7 Bilgi\u00e7<\/p><\/td><td><p>\u0130stanbul K\u00fclt\u00fcr \u00dcniversitesi<\/p><\/td><\/tr><tr><td><p>Osman Co\u015fkuno\u011flu<\/p><\/td><td><p>\u00a0<\/p><\/td><\/tr><tr><td><p>Osman Ero\u011ful<\/p><\/td><td><p>TOBB Ekonomi ve Teknoloji \u00dcniversitesi<\/p><\/td><\/tr><tr><td><p>Ozan Keysan<\/p><\/td><td><p>Ortado\u011fu Teknik \u00dcniversitesi<\/p><\/td><\/tr><tr><td><p>\u00d6zcan Kalenderli<\/p><\/td><td><p>\u0130stanbul Teknik \u00dcniversitesi<\/p><\/td><\/tr><tr><td><p>\u00d6zg\u00fcr \u00dcst\u00fcn<\/p><\/td><td><p>\u0130stanbul Teknik \u00dcniversitesi<\/p><\/td><\/tr><tr><td><p>\u00d6zlem Birg\u00fcl<\/p><\/td><td><p>Ankara \u00dcniversitesi<\/p><\/td><\/tr><tr><td><p>R. Koray \u00c7ift\u00e7i<\/p><\/td><td><p>Nam\u0131k Kemal \u00dcniversitesi<\/p><\/td><\/tr><tr><td><p>R. Nejat Tuncay<\/p><\/td><td><p>Okan \u00dcniversitesi<\/p><\/td><\/tr><tr><td><p>Rafet Akdeniz<\/p><\/td><td><p>Nam\u0131k Kemal \u00dcniversitesi<\/p><\/td><\/tr><tr><td><p>Ramazan Bay\u0131nd\u0131r<\/p><\/td><td width=\"551\"><p>Gazi \u00dcniversitesi<\/p><\/td><\/tr><tr><td><p>Rengin \u00dcnver<\/p><\/td><td><p>Y\u0131ld\u0131z Teknik \u00dcniversitesi<\/p><\/td><\/tr><tr><td><p>Sacit Karam\u00fcrsel<\/p><\/td><td><p>\u0130stanbul Tabip Odas\u0131<\/p><\/td><\/tr><tr><td><p>Salman Kurtulan<\/p><\/td><td><p>\u0130stanbul Teknik \u00dcniversitesi<\/p><\/td><\/tr><tr><td><p>Sel\u00e7uk Paker<\/p><\/td><td><p>\u0130stanbul Teknik \u00dcniversitesi<\/p><\/td><\/tr><tr><td><p>Selim \u015eeker<\/p><\/td><td><p>Bo\u011fazi\u00e7i \u00dcniversitesi<\/p><\/td><\/tr><tr><td><p>Serhat \u015eeker<\/p><\/td><td><p>\u0130stanbul Teknik \u00dcniversitesi<\/p><\/td><\/tr><tr><td><p>Sermin Onaygil<\/p><\/td><td><p>\u0130stanbul Teknik \u00dcniversitesi<\/p><\/td><\/tr><tr><td><p>Seyhun Solako\u011flu<\/p><\/td><td><p>\u0130stanbul Tabip Odas\u0131<\/p><\/td><\/tr><tr><td><p>S\u0131dd\u0131k Yarman<\/p><\/td><td><p>\u0130stanbul \u00dcniversitesi<\/p><\/td><\/tr><tr><td><p>Sibel Zorlu Partal<\/p><\/td><td><p>Y\u0131ld\u0131z Teknik \u00dcniversitesi<\/p><\/td><\/tr><tr><td><p>\u015eeref Naci Engin<\/p><\/td><td><p>Y\u0131ld\u0131z Teknik \u00dcniversitesi<\/p><\/td><\/tr><tr><td><p>Tahsin Saya<\/p><\/td><td><p>\u0130stanbul Teknik \u00dcniversitesi<\/p><\/td><\/tr><tr><td><p>Tamer Demiralp<\/p><\/td><td><p>\u0130stanbul Tabip Odas\u0131<\/p><\/td><\/tr><tr><td><p>Tanay S\u0131dk\u0131 Uyar<\/p><\/td><td><p>Marmara \u00dcniversitesi<\/p><\/td><\/tr><tr><td><p>Tayfun Akg\u00fcl<\/p><\/td><td><p>\u0130stanbul Teknik \u00dcniversitesi<\/p><\/td><\/tr><tr><td><p>Timur Aydemir<\/p><\/td><td><p>Gazi \u00dcniversitesi<\/p><\/td><\/tr><tr><td><p>U\u011fur Sava\u015f Selamo\u011fullar\u0131<\/p><\/td><td><p>Y\u0131ld\u0131z Teknik \u00dcniversitesi<\/p><\/td><\/tr><tr><td><p>Umut Engin Ayten<\/p><\/td><td><p>Y\u0131ld\u0131z Teknik \u00dcniversitesi<\/p><\/td><\/tr><tr><td><p>Yekta \u00dclgen<\/p><\/td><td><p>Bah\u00e7e\u015fehir \u00dcniversitesi<\/p><\/td><\/tr><tr><td><p>Yusuf Ziya Umul<\/p><\/td><td><p>\u00c7ankaya \u00dcniversitesi<\/p><\/td><\/tr><tr><td><p>Ziya Telatar<\/p><\/td><td><p>Ankara \u00dcniversitesi<\/p><\/td><\/tr><\/tbody><\/table><p>\u00a0<\/p>\t\t\t\t\t<\/div>\n\t\t\t\t\t\t<\/div>\n\t\t\t\t<\/div>\n\t\t\t\t\t\t<\/div>\n\t\t\t\t\t<\/div>\n\t\t<\/div>\n\t\t\t\t<div class=\"elementor-column elementor-col-33 elementor-top-column elementor-element elementor-element-e859181\" data-id=\"e859181\" data-element_type=\"column\">\n\t\t\t<div class=\"elementor-column-wrap elementor-element-populated\">\n\t\t\t\t\t\t\t<div class=\"elementor-widget-wrap\">\n\t\t\t\t\t\t<div class=\"elementor-element elementor-element-2525c4b elementor-widget elementor-widget-heading\" data-id=\"2525c4b\" data-element_type=\"widget\" data-widget_type=\"heading.default\">\n\t\t\t\t<div class=\"elementor-widget-container\">\n\t\t\t<h2 class=\"elementor-heading-title elementor-size-default\">B\u0130L\u0130M KURULU HABERLER\u0130<\/h2>\t\t<\/div>\n\t\t\t\t<\/div>\n\t\t\t\t<div class=\"elementor-element elementor-element-6ab4105 elementor-widget elementor-widget-sidebar\" data-id=\"6ab4105\" data-element_type=\"widget\" data-widget_type=\"sidebar.default\">\n\t\t\t\t<div class=\"elementor-widget-container\">\n\t\t\t<div class=\"widget widget_jnews_module_block_11\" id=\"jnews_module_block_11-5\"><div  class=\"jeg_postblock_11 jeg_postblock jeg_module_hook jeg_pagination_disable jeg_col_1o3 jnews_module__0_69f2d1bcd5f37  normal \" data-unique=\"jnews_module__0_69f2d1bcd5f37\">\n                \n                <div class=\"jeg_block_container\">\n                \n                <div class=\"jeg_posts_wrap\">\n                <div class=\"jeg_posts jeg_load_more_flag\">\n                    <article class=\"jeg_post jeg_pl_md_card format-standard\">\n                <div class=\"jeg_inner_post\">\n                    <div class=\"jeg_thumb\">\n                        \n                        <a href=\"https:\/\/eemkon.org.tr\/eemkon2017\/yurutme-kurullari-toplantilari-devam-ediyor\/\"><div class=\"thumbnail-container animate-lazy  size-715 \"><img width=\"350\" height=\"250\" src=\"https:\/\/eemkon.org.tr\/eemkon2017\/wp-content\/themes\/jnews\/assets\/img\/jeg-empty.png\" class=\"attachment-jnews-350x250 size-jnews-350x250 lazyload wp-post-image\" alt=\"Y\u00fcr\u00fctme Kurullar\u0131 Toplant\u0131lar\u0131 Devam Ediyor\" loading=\"lazy\" sizes=\"(max-width: 350px) 100vw, 350px\" data-src=\"https:\/\/eemkon.org.tr\/eemkon2017\/wp-content\/uploads\/2019\/09\/20190403_205938-350x250.jpg\" data-srcset=\"https:\/\/eemkon.org.tr\/eemkon2017\/wp-content\/uploads\/2019\/09\/20190403_205938-350x250.jpg 350w, https:\/\/eemkon.org.tr\/eemkon2017\/wp-content\/uploads\/2019\/09\/20190403_205938-800x570.jpg 800w, https:\/\/eemkon.org.tr\/eemkon2017\/wp-content\/uploads\/2019\/09\/20190403_205938-120x86.jpg 120w, https:\/\/eemkon.org.tr\/eemkon2017\/wp-content\/uploads\/2019\/09\/20190403_205938-750x536.jpg 750w\" data-sizes=\"auto\" data-expand=\"700\" \/><\/div><\/a>\n                    <\/div>\n                    <div class=\"jeg_postblock_content\">\n                        <div class=\"jeg_post_category\">\n                            <span>\n                                <a href=\"https:\/\/eemkon.org.tr\/eemkon2017\/category\/bilim-kurulu-2017\/\">Bilim Kurulu 2017<\/a>\n                            <\/span>\n                        <\/div>\n                        <h3 class=\"jeg_post_title\">\n                            <a href=\"https:\/\/eemkon.org.tr\/eemkon2017\/yurutme-kurullari-toplantilari-devam-ediyor\/\">Y\u00fcr\u00fctme Kurullar\u0131 Toplant\u0131lar\u0131 Devam Ediyor<\/a>\n                        <\/h3>\n                        \n                    <\/div>\n                <\/div>\n            <\/article>\n                <\/div>\n            <\/div>\n                <div class='module-overlay'>\n\t\t\t\t    <div class='preloader_type preloader_dot'>\n\t\t\t\t        <div class=\"module-preloader jeg_preloader dot\">\n\t\t\t\t            <span><\/span><span><\/span><span><\/span>\n\t\t\t\t        <\/div>\n\t\t\t\t        <div class=\"module-preloader jeg_preloader circle\">\n\t\t\t\t            <div class=\"jnews_preloader_circle_outer\">\n\t\t\t\t                <div class=\"jnews_preloader_circle_inner\"><\/div>\n\t\t\t\t            <\/div>\n\t\t\t\t        <\/div>\n\t\t\t\t        <div class=\"module-preloader jeg_preloader square\">\n\t\t\t\t            <div class=\"jeg_square\">\n\t\t\t\t                <div class=\"jeg_square_inner\"><\/div>\n\t\t\t\t            <\/div>\n\t\t\t\t        <\/div>\n\t\t\t\t    <\/div>\n\t\t\t\t<\/div>\n            <\/div>\n            <div class=\"jeg_block_navigation\">\n                <div class='navigation_overlay'><div class='module-preloader jeg_preloader'><span><\/span><span><\/span><span><\/span><\/div><\/div>\n                \n                \n            <\/div>\n                \n                <script>var jnews_module__0_69f2d1bcd5f37 = {\"header_icon\":\"\",\"first_title\":\"\",\"second_title\":\"\",\"url\":\"\",\"header_type\":\"heading_6\",\"header_background\":\"\",\"header_secondary_background\":\"\",\"header_text_color\":\"\",\"header_line_color\":\"\",\"header_accent_color\":\"\",\"header_filter_category\":\"\",\"header_filter_author\":\"\",\"header_filter_tag\":\"\",\"header_filter_text\":\"All\",\"post_type\":\"post\",\"content_type\":\"all\",\"number_post\":\"10\",\"post_offset\":\"0\",\"unique_content\":\"disable\",\"include_post\":\"\",\"exclude_post\":\"\",\"include_category\":\"142\",\"exclude_category\":\"\",\"include_author\":\"\",\"include_tag\":\"\",\"exclude_tag\":\"\",\"sort_by\":\"latest\",\"date_format\":\"default\",\"date_format_custom\":\"Y\\\/m\\\/d\",\"force_normal_image_load\":\"0\",\"pagination_mode\":\"disable\",\"pagination_nextprev_showtext\":\"0\",\"pagination_number_post\":\"4\",\"pagination_scroll_limit\":\"0\",\"el_id\":\"\",\"el_class\":\"\",\"scheme\":\"normal\",\"column_width\":\"auto\",\"title_color\":\"\",\"accent_color\":\"\",\"alt_color\":\"\",\"excerpt_color\":\"\",\"block_background\":\"\",\"css\":\"\",\"paged\":1,\"column_class\":\"jeg_col_1o3\",\"class\":\"jnews_block_11\"};<\/script>\n            <\/div><\/div>\t\t<\/div>\n\t\t\t\t<\/div>\n\t\t\t\t\t\t<\/div>\n\t\t\t\t\t<\/div>\n\t\t<\/div>\n\t\t\t\t\t\t\t\t<\/div>\n\t\t\t\t\t<\/div>\n\t\t<\/section>\n\t\t\t\t\t\t<\/div>\n\t\t\t\t\t\t<\/div>\n\t\t\t\t\t<\/div>\n\t\t","protected":false},"excerpt":{"rendered":"<p>EEMKON 2019 B\u0130L\u0130M KURULU A. H\u00fclya Obdan Y\u0131ld\u0131z Teknik \u00dcniversitesi Adnan Kaypmaz Beykent \u00dcniversitesi Ahmet Dervi\u015fo\u011flu \u0130stanbul Teknik \u00dcniversitesi Ata Ak\u0131n Ac\u0131badem \u00dcniversitesi Avni Morg\u00fcl Bo\u011fazi\u00e7i \u00dcniversitesi Ayd\u0131n Akan \u0130zmir Katip \u00c7elebi \u00dcniversitesi Belgin Emre T\u00fcrkay \u0130stanbul Teknik \u00dcniversitesi Bora Acarkan Y\u0131ld\u0131z Teknik \u00dcniversitesi Burak Polat Geli\u015fim \u00dcniversitesi Duran Leblebici \u0130stanbul Teknik \u00dcniversitesi Erdal Irmak [&hellip;]<\/p>\n","protected":false},"author":4,"featured_media":0,"parent":0,"menu_order":0,"comment_status":"closed","ping_status":"closed","template":"template-index.php","meta":[],"_links":{"self":[{"href":"https:\/\/eemkon.org.tr\/eemkon2017\/wp-json\/wp\/v2\/pages\/1605"}],"collection":[{"href":"https:\/\/eemkon.org.tr\/eemkon2017\/wp-json\/wp\/v2\/pages"}],"about":[{"href":"https:\/\/eemkon.org.tr\/eemkon2017\/wp-json\/wp\/v2\/types\/page"}],"author":[{"embeddable":true,"href":"https:\/\/eemkon.org.tr\/eemkon2017\/wp-json\/wp\/v2\/users\/4"}],"replies":[{"embeddable":true,"href":"https:\/\/eemkon.org.tr\/eemkon2017\/wp-json\/wp\/v2\/comments?post=1605"}],"version-history":[{"count":21,"href":"https:\/\/eemkon.org.tr\/eemkon2017\/wp-json\/wp\/v2\/pages\/1605\/revisions"}],"predecessor-version":[{"id":7050,"href":"https:\/\/eemkon.org.tr\/eemkon2017\/wp-json\/wp\/v2\/pages\/1605\/revisions\/7050"}],"wp:attachment":[{"href":"https:\/\/eemkon.org.tr\/eemkon2017\/wp-json\/wp\/v2\/media?parent=1605"}],"curies":[{"name":"wp","href":"https:\/\/api.w.org\/{rel}","templated":true}]}}